ine s(40).
-3750
Let c(i) = -2*i**3 - 175*i**2 - 476*i - 4344. Determine c(-85).
-9
Let n(a) = 16*a**2 - 2148*a + 489. Calculate n(134).
-47
Let u(g) = -g**2 - 55*g + 2392. Determine u(-78).
598
Let h(c) = 2*c**3 + 152*c**2 + 160*c + 730. Give h(-75).
-20
Let a(m) = m**2 - 18662*m + 11707793. What is a(650)?
-7
Let d(q) = -q**2 + 2970*q - 17686. Calculate d(6).
98
Let b(g) = g**2 + 26*g - 1652. Give b(-57).
115
Let i(u) = -141*u - 14405. What is i(-105)?
400
Let z(s) = s**2 - 2*s + 92. What is z(-20)?
532
Let u(c) = 2703*c - 167589. Calculate u(62).
-3
Let l(p) = -1016*p - 5149. Calculate l(-5).
-69
Let m(y) = -5721*y - 74309. Give m(-13).
64
Let w(s) = 7572*s - 1809707. Calculate w(239).
1
Let n(z) = z**3 - 10*z**2 - 2807*z + 35966. Give n(13).
-18
Let y(u) = u**3 + 522*u**2 - 2163*u - 30931. Give y(-526).
103
Let x(z) = 2*z**2 - 337*z - 7801. What is x(189)?
-52
Let w(o) = 4*o**2 + 105*o - 543. Give w(-22).
-917
Let r(l) = -54*l**2 + 2382*l + 3. Calculate r(44).
267
Let j(a) = 10*a**3 + 391*a**2 + 65*a + 1153. Give j(-39).
139
Let q(a) = -a**3 - 12*a**2 - 29546*a - 88566. Give q(-3).
-9
Let d(g) = 72986*g - 1824675. Calculate d(25).
-25
Let i(n) = n**3 - 482*n**2 + 487*n - 2896. Give i(481).
-10
Let o(w) = -3791*w + 49236. Determine o(13).
-47
Let c(n) = -n**3 + 9*n**2 - 7*n - 111. Determine c(10).
-281
Let g(u) = 2*u**2 + 5831*u + 3367611. Calculate g(-2122).
-3
Let f(b) = 6*b**3 + 1829*b**2 - 41398*b + 1311. What is f(-326)?
7
Let h(n) = -2*n**3 + 130*n**2 - 168*n - 46. Give h(64).
-2606
Let l(b) = -130*b - 4418. Give l(-31).
-388
Let o(b) = -b**2 + 359*b - 15774. What is o(51)?
-66
Let h(a) = 27471*a - 138013. What is h(5)?
-658
Let k(t) = t**3 - 6*t**2 - 93*t + 381. Calculate k(4).
-23
Let b(a) = 5794*a - 110156. Determine b(19).
-70
Let s(u) = 98*u**2 - 126*u + 2. Give s(2).
142
Let r(m) = -m**3 + 3*m**2 + 248*m - 185. Calculate r(17).
-15
Let r(d) = 468*d + 7195. Determine r(-15).
175
Let z(s) = -s**2 + 2226*s + 4458. What is z(-2)?
2
Let q(n) = -86*n**2 + 13530*n + 9159. Give q(158).
-5
Let c(j) = 58*j**2 + 827*j - 10357. Give c(8).
-29
Let g(l) = 207*l - 5062. Determine g(25).
113
Let b(u) = -9*u**3 + 2948*u**2 - 13251*u + 2577. What is b(323)?
-7
Let l(a) = -10*a**2 - 320*a - 2055. Determine l(-6).
-495
Let z(k) = 8*k**2 + 1003*k + 8687. Calculate z(-116).
-13
Let s(u) = u**3 + 179*u**2 + 1690*u + 62. Calculate s(-10).
62
Let j(m) = -4*m**2 - 4603*m - 1174638. Determine j(-382).
12
Let l(j) = 8457*j + 1818228. Calculate l(-215).
-27
Let g(h) = -h**3 - 1273*h**2 - 6316*h + 1629357. Determine g(-1267).
-5
Let k(t) = -t**2 - 416*t - 39995. Calculate k(-151).
20
Let k(y) = -y**3 - 101*y**2 - 1616*y - 1107. Determine k(-19).
-5
Let a(k) = -14*k**3 - 3012*k**2 - 427*k + 823. Calculate a(-215).
178
Let r(c) = -c**2 - 2294*c - 158. Determine r(0).
-158
Let w(u) = -u**3 - 18*u**2 + 118*u + 624. Calculate w(-23).
555
Let x(l) = 11*l**2 - 765*l + 3025. What is x(4)?
141
Let w(z) = z**3 + 34*z**2 + 5*z - 2342. What is w(-32)?
-454
Let k(p) = -13006*p + 195078. Give k(15).
-12
Let b(s) = -s**3 - 82*s**2 - 1013*s + 2846. Calculate b(-66).
8
Let i(s) = 5*s**3 - 2*s**2 - 33*s + 83. Calculate i(2).
49
Let j(t) = -247*t - 5599. What is j(-24)?
329
Let w(k) = 3*k**3 - 50*k**2 + 65*k - 442. Calculate w(15).
-592
Let d(a) = -2*a**3 - 52*a**2 - 303*a + 29. Calculate d(-17).
-22
Let k(s) = s**3 - 122*s**2 - 7818*s - 4131. What is k(-46)?
9
Let t(s) = -22*s**2 + 10039*s + 6856. Determine t(457).
1
Let q(g) = -g**3 - 113*g**2 + 516*g - 8387. Determine q(-118).
345
Let z(k) = -1072*k - 3209. Calculate z(-3).
7
Let p(b) = -13*b**2 - 1569*b - 813. Determine p(-120).
267
Let j(w) = 544*w**3 - 2*w**2 + 63*w - 61. Give j(1).
544
Let y(x) = x**3 - 110*x**2 + 10278*x - 1130581. Determine y(110).
-1
Let y(v) = -30*v**3 - 1473*v**2 - 186*v - 1910. What is y(-49)?
1
Let f(l) = -14*l**3 - 144*l**2 - 5532*l - 54921. Calculate f(-10).
-1
Let v(y) = -1027*y + 9215. Give v(9).
-28
Let q(u) = -4*u**2 + 625*u - 12820. Determine q(132).
-16
Let r(k) = 13421*k + 348941. Determine r(-26).
-5
Let z(b) = 3*b**2 + 30425*b - 182584. What is z(6)?
74
Let j(o) = -1044134*o - 53. Give j(0).
-53
Let d(m) = m**2 - 56*m + 291. Calculate d(29).
-492
Let r(j) = -j**3 - 254*j**2 + 263*j + 2023. What is r(-255)?
-17
Let m(g) = 206*g - 6549. What is m(30)?
-369
Let i(u) = u**3 + 303*u**2 + 4300*u - 5742. Determine i(-288).
18
Let u(i) = -144*i**2 + 9*i - 251. Calculate u(-4).
-2591
Let p(d) = -1365707*d + 16388484. Give p(12).
0
Let n(b) = 90*b**2 + 44582*b - 28752. Determine n(-496).
16
Let t(l) = 76*l + 5544. Determine t(-79).
-460
Let p(x) = -x**3 - 180*x**2 + 728*x - 996. Determine p(-184).
476
Let d(a) = -1269*a - 24246. What is d(-16)?
-3942
Let h(m) = -3690*m - 479785. Give h(-130).
-85
Let r(n) = -n**2 + 23*n + 4959. Calculate r(71).
1551
Let c(l) = -51*l**3 + 7*l - 9. Give c(-3).
1347
Let s(g) = 8*g**3 - 58*g**2 + 119*g - 715. Give s(7).
20
Let d(f) = 40289*f - 120882. What is d(3)?
-15
Let k(o) = 7*o**2 - 280*o + 996. Determine k(36).
-12
Let k(r) = 1059*r + 241438. Determine k(-228).
-14
Let s(p) = -659347*p + 4615424. Give s(7).
-5
Let r(f) = 378*f + 1999. Calculate r(-5).
109
Let k(s) = -1203*s**2 + 87821*s - 169. Determine k(73).
-23
Let g(x) = -2*x**3 + 49*x**2 + 300*x - 835. What is g(29)?
296
Let a(i) = -1068*i**2 + 12677*i + 1624. Determine a(12).
-44
Let j(b) = 104*b**2 + 562*b - 1287. Give j(2).
253
Let g(m) = 1015*m + 108868. Give g(-107).
263
Let d(t) = 981624*t + 8834610. Give d(-9).
-6
Let f(r) = -r**3 - 774*r + 1562. Calculate f(2).
6
Let d(o) = -11739*o + 1936903. What is d(165)?
-32
Let m(p) = -60511*p - 181506. Determine m(-3).
27
Let n(o) = -o**3 - 38*o**2 - 194*o - 2734. Calculate n(-36).
1658
Let c(v) = 18267*v + 18250. Determine c(-1).
-17
Let q(v) = 7*v**3 + 205*v**2 - 1464*v - 111. Calculate q(6).
-3
Let u(q) = 6*q**3 - 29*q**2 + 86*q - 265. Determine u(4).
-1
Let t(p) = -p**3 + 1133*p**2 - 32064*p + 52986. Calculate t(1104).
-6
Let q(k) = 85*k**2 - 798*k + 1867. Give q(5).
2
Let n(b) = -2848*b - 94171. Calculate n(-33).
-187
Let s(k) = -714*k + 279167. Calculate s(391).
-7
Let q(i) = i**3 - 29*i**2 + 655*i - 14997. Give q(26).
5
Let b(x) = x**3 - 33*x**2 - 2369*x + 52577. Calculate b(20).
-3
Let t(k) = 2156*k - 1203024. Give t(558).
24
Let n(y) = -6*y**3 + 222*y**2 - 10*y + 40. Calculate n(37).
-330
Let q(r) = -118881*r - 1902108. Calculate q(-16).
-12
Let a(b) = b**3 + 14*b**2 - 27*b - 231. Determine a(-20).
-2091
Let a(v) = 63072*v + 315352. Determine a(-5).
-8
Let b(j) = -20*j**2 - 260*j - 1156. Determine b(-11).
-716
Let b(j) = -93*j + 111. Give b(5).
-354
Let g(h) = 3*h**2 + 172*h + 666. Determine g(-55).
281
Let w(v) = -v**3 + 65*v**2 - 13*v - 295. Give w(65).
-1140
Let b(f) = 17586*f + 53024. Determine b(-3).
266
Let f(h) = 511*h - 16547. Calculate f(30).
-1217
Let a(i) = -i**3 + 10*i**2 + 78*i - 601. Determine a(8).
151
Let o(h) = h**2 - 7476*h - 59839. Determine o(-8).
33
Let j(i) = 4102*i**2 - 77929*i - 175. Determine j(19).
-4
Let m(p) = -1628*p - 283272. Calculate m(-174).
0
Let n(t) = -6*t**2 + 78*t + 473. Give n(18).
-67
Let p(z) = 585*z**2 + 4681*z - 6. Determine p(-8).
-14
Let h(j) = -j**2 + 151*j + 39104. Give h(-138).
-778
Let q(z) = z**3 + 228*z**2 - 4896*z - 364926. What is q(-242)?
10
Let o(a) = -7*a**2 - 117*a + 20222. What is o(46)?
28
Let u(x) = -81*x**2 - 169*x - 364. Determine u(-2).
-350
Let i(t) = -1125*t**2 + 2231*t + 43. What is i(2)?
5
Let s(u) = -u**3 + 29*u**2 + 83*u - 654. Give s(32).
-1070
Let z(x) = 2*x**2 - 1675*x + 37429. Calculate z(23).
-38
Let s(h) = 37*h**2 + 555*h + 5961. Give s(-12).
4629
Let p(n) = 1283*n - 132143. Give p(103).
6
Let k(u) = u**3 - 12*u**2 - 68*u - 29. Give k(16).
-93
Let s(p) = -p**2 - 43724*p - 1703748. Determine s(-39).
-33
Let g(d) = -3*d**2 - 506*d - 11702. Determine g(-141).
1
Let f(g) = -108*g + 16640. Calculate f(151).
332
Let o(s) = 451*s + 44201. What is o(-98)?
3
Let o(h) = -645*h + 22780. Calculate o(36).
-440
Let w(c) = -856*c - 569224. Determine w(-665).
16
Let o(t) = -4176*t - 110. Calculate o(0).
-110
Let f(x) = -444*x**2 + 2653*x + 30. Give f(6).
-36
Let y(n) = -3957*n**2 - 124*n + 126. Calculate y(1).
-3955
Let c(j) = 955157*j - 3820612. Calculate c(4).
16
Let l(q) = q**2 - 2